{"id":2848,"date":"2025-05-08T22:39:51","date_gmt":"2025-05-09T03:39:51","guid":{"rendered":"https:\/\/www.escom.edu.co\/?page_id=2848"},"modified":"2025-06-29T19:08:47","modified_gmt":"2025-06-30T00:08:47","slug":"boletin-flisol","status":"publish","type":"page","link":"https:\/\/www.escom.edu.co\/?page_id=2848","title":{"rendered":"002 Bolet\u00edn FLISOL"},"content":{"rendered":"\t\t<div data-elementor-type=\"wp-page\" data-elementor-id=\"2848\" class=\"elementor elementor-2848\">\n\t\t\t\t<div class=\"elementor-element elementor-element-0b768b5 e-flex e-con-boxed e-con e-parent\" data-id=\"0b768b5\" data-element_type=\"container\" data-e-type=\"container\">\n\t\t\t\t\t<div class=\"e-con-inner\">\n\t\t<div class=\"elementor-element elementor-element-40d0869 e-con-full e-flex e-con e-child\" data-id=\"40d0869\" data-element_type=\"container\" data-e-type=\"container\">\n\t\t\t\t<div class=\"elementor-element elementor-element-715c807 elementor-widget elementor-widget-heading\" data-id=\"715c807\" data-element_type=\"widget\" data-e-type=\"widget\" data-widget_type=\"heading.default\">\n\t\t\t\t<div class=\"elementor-widget-container\">\n\t\t\t\t\t<h2 class=\"elementor-heading-title elementor-size-default\">Bolet\u00edn de Prensa <br> No. 002  <br> Fecha 21 de Abril del 2025<\/h2>\t\t\t\t<\/div>\n\t\t\t\t<\/div>\n\t\t\t\t<\/div>\n\t\t\t\t\t<\/div>\n\t\t\t\t<\/div>\n\t\t<div class=\"elementor-element elementor-element-6bbfa89 e-flex e-con-boxed e-con e-parent\" data-id=\"6bbfa89\" data-element_type=\"container\" data-e-type=\"container\">\n\t\t\t\t\t<div class=\"e-con-inner\">\n\t\t\t\t<div class=\"elementor-element elementor-element-57ffe6d elementor-widget elementor-widget-heading\" data-id=\"57ffe6d\" data-element_type=\"widget\" data-e-type=\"widget\" data-widget_type=\"heading.default\">\n\t\t\t\t<div class=\"elementor-widget-container\">\n\t\t\t\t\t<h2 class=\"elementor-heading-title elementor-size-default\">Escuela de Comunicaciones Militares <br>fue parte del Festival de Software Libre m\u00e1s grande de Latinoam\u00e9rica<\/h2>\t\t\t\t<\/div>\n\t\t\t\t<\/div>\n\t\t\t\t\t<\/div>\n\t\t\t\t<\/div>\n\t\t<div class=\"elementor-element elementor-element-380f7bf e-flex e-con-boxed e-con e-parent\" data-id=\"380f7bf\" data-element_type=\"container\" data-e-type=\"container\">\n\t\t\t\t\t<div class=\"e-con-inner\">\n\t\t<div class=\"elementor-element elementor-element-d7e940f e-con-full e-flex e-con e-child\" data-id=\"d7e940f\" data-element_type=\"container\" data-e-type=\"container\">\n\t\t\t\t<div class=\"elementor-element elementor-element-a16b849 elementor-widget elementor-widget-image\" data-id=\"a16b849\" data-element_type=\"widget\" data-e-type=\"widget\" data-widget_type=\"image.default\">\n\t\t\t\t<div class=\"elementor-widget-container\">\n\t\t\t\t\t\t\t\t\t\t\t\t\t\t\t<img fetchpriority=\"high\" decoding=\"async\" width=\"800\" height=\"600\" src=\"https:\/\/www.escom.edu.co\/wp-content\/uploads\/2025\/05\/fli1-1024x768.jpeg\" class=\"attachment-large size-large wp-image-2580\" alt=\"\" srcset=\"https:\/\/www.escom.edu.co\/wp-content\/uploads\/2025\/05\/fli1-1024x768.jpeg 1024w, https:\/\/www.escom.edu.co\/wp-content\/uploads\/2025\/05\/fli1-300x225.jpeg 300w, https:\/\/www.escom.edu.co\/wp-content\/uploads\/2025\/05\/fli1-768x576.jpeg 768w, https:\/\/www.escom.edu.co\/wp-content\/uploads\/2025\/05\/fli1-1536x1152.jpeg 1536w, https:\/\/www.escom.edu.co\/wp-content\/uploads\/2025\/05\/fli1-2048x1536.jpeg 2048w\" sizes=\"(max-width: 800px) 100vw, 800px\" \/>\t\t\t\t\t\t\t\t\t\t\t\t\t\t\t<\/div>\n\t\t\t\t<\/div>\n\t\t\t\t<\/div>\n\t\t\t\t\t<\/div>\n\t\t\t\t<\/div>\n\t\t<div class=\"elementor-element elementor-element-b5a7862 e-flex e-con-boxed e-con e-parent\" data-id=\"b5a7862\" data-element_type=\"container\" data-e-type=\"container\">\n\t\t\t\t\t<div class=\"e-con-inner\">\n\t\t<div class=\"elementor-element elementor-element-7abf0e1 e-con-full e-flex e-con e-child\" data-id=\"7abf0e1\" data-element_type=\"container\" data-e-type=\"container\">\n\t\t\t\t<div class=\"elementor-element elementor-element-cd312e0 elementor-widget elementor-widget-text-editor\" data-id=\"cd312e0\" data-element_type=\"widget\" data-e-type=\"widget\" data-widget_type=\"text-editor.default\">\n\t\t\t\t<div class=\"elementor-widget-container\">\n\t\t\t\t\t\t\t\t\t<p>La Universidad Nacional Abierta y a Distancia (UNAD), con sede en Facatativ\u00e1, Cundinamarca, en articulaci\u00f3n con la Escuela de Comunicaciones Militares del Ej\u00e9rcito Nacional, llev\u00f3 a cabo el pasado 25 de abril el Festival Latinoamericano de Instalaci\u00f3n de Software Libre, FLISoL 2025.<\/p><p>Con el fin de fomentar el uso responsable de las tecnolog\u00edas abiertas y promover su aplicaci\u00f3n en contextos estrat\u00e9gicos como la defensa, la educaci\u00f3n y el desarrollo rural, el Ej\u00e9rcito Nacional, a trav\u00e9s de la Escuela de Comunicaciones Militares, se uni\u00f3 a esta iniciativa que fortaleci\u00f3 la cultura de la colaboraci\u00f3n, el conocimiento compartido y el acceso abierto a herramientas tecnol\u00f3gicas aplicables a diversos sectores, especialmente al agroindustrial, en Facatativ\u00e1.<\/p><p>Este festival, celebrado de manera simult\u00e1nea en distintos pa\u00edses desde el a\u00f1o 2005, lleg\u00f3 con una programaci\u00f3n acad\u00e9mica que articul\u00f3 tecnolog\u00eda, sostenibilidad y desarrollo regional, con un enfoque en el uso estrat\u00e9gico del software libre para el fortalecimiento del sector agr\u00edcola; este escenario ofreci\u00f3 espacios de formaci\u00f3n e intercambio que permitieron visibilizar el potencial de estas tecnolog\u00edas en la gesti\u00f3n inteligente del campo, as\u00ed como en la atenci\u00f3n de desaf\u00edos globales como el cambio clim\u00e1tico y la seguridad alimentaria.<\/p><p>Durante la jornada se ofrecieron dos talleres pr\u00e1cticos: el primero sobre detecci\u00f3n de cultivos con im\u00e1genes satelitales usando QGIS, orientado por la ingeniera forestal Nadia Luz Su\u00e1rez Albarrac\u00edn, especialista en sistemas de informaci\u00f3n geogr\u00e1fica y mag\u00edster en ciencias de la informaci\u00f3n y las comunicaciones con \u00e9nfasis en geom\u00e1tica; el segundo sobre visi\u00f3n artificial aplicada a la agricultura, dirigido por el ingeniero de sistemas Javier Jim\u00e9nez Beltr\u00e1n, mag\u00edster en software libre y candidato a doctor en ingenier\u00eda; ambos espacios estuvieron abiertos al p\u00fablico con entrada libre.<\/p><p>La Escuela de Comunicaciones reiter\u00f3 su compromiso con la formaci\u00f3n integral, la transferencia de conocimiento y la promoci\u00f3n de soluciones tecnol\u00f3gicas al servicio de las comunidades. La realizaci\u00f3n de FLISoL en este territorio constituy\u00f3 un paso decisivo en la articulaci\u00f3n entre ciencia, educaci\u00f3n y sociedad; una apuesta por el acceso libre al conocimiento como motor de transformaci\u00f3n social y sostenibilidad.\u00a0<\/p><p><strong>Prensa ESCOM<\/strong><\/p>\t\t\t\t\t\t\t\t<\/div>\n\t\t\t\t<\/div>\n\t\t\t\t<\/div>\n\t\t\t\t\t<\/div>\n\t\t\t\t<\/div>\n\t\t<div class=\"elementor-element elementor-element-ed9c77a e-grid e-con-boxed e-con e-parent\" data-id=\"ed9c77a\" data-element_type=\"container\" data-e-type=\"container\">\n\t\t\t\t\t<div class=\"e-con-inner\">\n\t\t\t\t<div class=\"elementor-element elementor-element-e80ee1e elementor-widget elementor-widget-site-logo\" data-id=\"e80ee1e\" data-element_type=\"widget\" data-e-type=\"widget\" data-settings=\"{&quot;align&quot;:&quot;center&quot;,&quot;width&quot;:{&quot;unit&quot;:&quot;%&quot;,&quot;size&quot;:&quot;&quot;,&quot;sizes&quot;:[]},&quot;width_tablet&quot;:{&quot;unit&quot;:&quot;%&quot;,&quot;size&quot;:&quot;&quot;,&quot;sizes&quot;:[]},&quot;width_mobile&quot;:{&quot;unit&quot;:&quot;%&quot;,&quot;size&quot;:&quot;&quot;,&quot;sizes&quot;:[]},&quot;space&quot;:{&quot;unit&quot;:&quot;%&quot;,&quot;size&quot;:&quot;&quot;,&quot;sizes&quot;:[]},&quot;space_tablet&quot;:{&quot;unit&quot;:&quot;%&quot;,&quot;size&quot;:&quot;&quot;,&quot;sizes&quot;:[]},&quot;space_mobile&quot;:{&quot;unit&quot;:&quot;%&quot;,&quot;size&quot;:&quot;&quot;,&quot;sizes&quot;:[]},&quot;image_border_radius&quot;:{&quot;unit&quot;:&quot;px&quot;,&quot;top&quot;:&quot;&quot;,&quot;right&quot;:&quot;&quot;,&quot;bottom&quot;:&quot;&quot;,&quot;left&quot;:&quot;&quot;,&quot;isLinked&quot;:true},&quot;image_border_radius_tablet&quot;:{&quot;unit&quot;:&quot;px&quot;,&quot;top&quot;:&quot;&quot;,&quot;right&quot;:&quot;&quot;,&quot;bottom&quot;:&quot;&quot;,&quot;left&quot;:&quot;&quot;,&quot;isLinked&quot;:true},&quot;image_border_radius_mobile&quot;:{&quot;unit&quot;:&quot;px&quot;,&quot;top&quot;:&quot;&quot;,&quot;right&quot;:&quot;&quot;,&quot;bottom&quot;:&quot;&quot;,&quot;left&quot;:&quot;&quot;,&quot;isLinked&quot;:true},&quot;caption_padding&quot;:{&quot;unit&quot;:&quot;px&quot;,&quot;top&quot;:&quot;&quot;,&quot;right&quot;:&quot;&quot;,&quot;bottom&quot;:&quot;&quot;,&quot;left&quot;:&quot;&quot;,&quot;isLinked&quot;:true},&quot;caption_padding_tablet&quot;:{&quot;unit&quot;:&quot;px&quot;,&quot;top&quot;:&quot;&quot;,&quot;right&quot;:&quot;&quot;,&quot;bottom&quot;:&quot;&quot;,&quot;left&quot;:&quot;&quot;,&quot;isLinked&quot;:true},&quot;caption_padding_mobile&quot;:{&quot;unit&quot;:&quot;px&quot;,&quot;top&quot;:&quot;&quot;,&quot;right&quot;:&quot;&quot;,&quot;bottom&quot;:&quot;&quot;,&quot;left&quot;:&quot;&quot;,&quot;isLinked&quot;:true},&quot;caption_space&quot;:{&quot;unit&quot;:&quot;px&quot;,&quot;size&quot;:0,&quot;sizes&quot;:[]},&quot;caption_space_tablet&quot;:{&quot;unit&quot;:&quot;px&quot;,&quot;size&quot;:&quot;&quot;,&quot;sizes&quot;:[]},&quot;caption_space_mobile&quot;:{&quot;unit&quot;:&quot;px&quot;,&quot;size&quot;:&quot;&quot;,&quot;sizes&quot;:[]}}\" data-widget_type=\"site-logo.default\">\n\t\t\t\t<div class=\"elementor-widget-container\">\n\t\t\t\t\t\t\t<div class=\"hfe-site-logo\">\n\t\t\t\t\t\t\t\t\t\t\t\t\t<a data-elementor-open-lightbox=\"\"  class='elementor-clickable' href=\"https:\/\/www.escom.edu.co\">\n\t\t\t\t\t\t\t<div class=\"hfe-site-logo-set\">           \n\t\t\t\t<div class=\"hfe-site-logo-container\">\n\t\t\t\t\t\t\t\t\t<img decoding=\"async\" src=\"https:\/\/www.escom.edu.co\/wp-content\/uploads\/2024\/07\/logos-1-300x300.png\" alt=\"default-logo\" class=\"hfe-site-logo-img elementor-animation-\" width=\"300\" height=\"300\" \/>\n\t\t\t\t<\/div>\n\t\t\t<\/div>\n\t\t\t\t\t\t\t<\/a>\n\t\t\t\t\t\t<\/div>  \n\t\t\t\t\t\t\t<\/div>\n\t\t\t\t<\/div>\n\t\t\t\t<div class=\"elementor-element elementor-element-bedd797 elementor-widget__width-auto elementor-widget elementor-widget-text-editor\" data-id=\"bedd797\" data-element_type=\"widget\" data-e-type=\"widget\" data-widget_type=\"text-editor.default\">\n\t\t\t\t<div class=\"elementor-widget-container\">\n\t\t\t\t\t\t\t\t\t<p style=\"text-align: left;\">Calle 5 No. 15 \u2013 00<span style=\"color: var( --e-global-color-text ); letter-spacing: 0px; background-color: var( --e-global-color-c696dce );\">, Barrio Dos Caminos<\/span><\/p>\n<p style=\"text-align: left;\">Cant\u00f3n Militar de Comunicaciones<\/p>\n<p style=\"text-align: left;\">C\u00f3digo postal: 253051<\/p>\n<p>Email: <a href=\"mailto:admisiones.escom@cedoc.edu.co\">admisiones.escom@cedoc.edu.co<\/a><\/p>\n<p>Contacto: 3133003799<\/p>\n<p>Facatativ\u00e1 &#8211; Cundinamarca<\/p>\t\t\t\t\t\t\t\t<\/div>\n\t\t\t\t<\/div>\n\t\t\t\t\t<\/div>\n\t\t\t\t<\/div>\n\t\t\t\t<\/div>\n\t\t","protected":false},"excerpt":{"rendered":"<p>Bolet\u00edn de Prensa No. 002 Fecha 21 de Abril del 2025 Escuela de Comunicaciones Militares fue parte del Festival de Software Libre m\u00e1s grande de Latinoam\u00e9rica La Universidad Nacional Abierta y a Distancia (UNAD), con sede en Facatativ\u00e1, Cundinamarca, en articulaci\u00f3n con la Escuela de Comunicaciones Militares del Ej\u00e9rcito Nacional, llev\u00f3 a cabo el pasado [&hellip;]<\/p>\n","protected":false},"author":1,"featured_media":0,"parent":0,"menu_order":0,"comment_status":"closed","ping_status":"closed","template":"","meta":{"footnotes":""},"class_list":["post-2848","page","type-page","status-publish","hentry"],"_links":{"self":[{"href":"https:\/\/www.escom.edu.co\/index.php?rest_route=\/wp\/v2\/pages\/2848","targetHints":{"allow":["GET"]}}],"collection":[{"href":"https:\/\/www.escom.edu.co\/index.php?rest_route=\/wp\/v2\/pages"}],"about":[{"href":"https:\/\/www.escom.edu.co\/index.php?rest_route=\/wp\/v2\/types\/page"}],"author":[{"embeddable":true,"href":"https:\/\/www.escom.edu.co\/index.php?rest_route=\/wp\/v2\/users\/1"}],"replies":[{"embeddable":true,"href":"https:\/\/www.escom.edu.co\/index.php?rest_route=%2Fwp%2Fv2%2Fcomments&post=2848"}],"version-history":[{"count":17,"href":"https:\/\/www.escom.edu.co\/index.php?rest_route=\/wp\/v2\/pages\/2848\/revisions"}],"predecessor-version":[{"id":3599,"href":"https:\/\/www.escom.edu.co\/index.php?rest_route=\/wp\/v2\/pages\/2848\/revisions\/3599"}],"wp:attachment":[{"href":"https:\/\/www.escom.edu.co\/index.php?rest_route=%2Fwp%2Fv2%2Fmedia&parent=2848"}],"curies":[{"name":"wp","href":"https:\/\/api.w.org\/{rel}","templated":true}]}}