{"id":143,"date":"2024-07-06T03:50:12","date_gmt":"2024-07-06T03:50:12","guid":{"rendered":"https:\/\/www.escom.edu.co\/?page_id=143"},"modified":"2026-02-09T21:01:26","modified_gmt":"2026-02-10T02:01:26","slug":"egresados","status":"publish","type":"page","link":"https:\/\/www.escom.edu.co\/?page_id=143","title":{"rendered":"Egresados"},"content":{"rendered":"\t\t<div data-elementor-type=\"wp-page\" data-elementor-id=\"143\" class=\"elementor elementor-143\">\n\t\t\t\t<div class=\"elementor-element elementor-element-86a76b1 e-flex e-con-boxed e-con e-parent\" data-id=\"86a76b1\" data-element_type=\"container\" data-e-type=\"container\">\n\t\t\t\t\t<div class=\"e-con-inner\">\n\t\t\t\t<div class=\"elementor-element elementor-element-e70f5d8 elementor-widget elementor-widget-heading\" data-id=\"e70f5d8\" data-element_type=\"widget\" data-e-type=\"widget\" data-widget_type=\"heading.default\">\n\t\t\t\t<div class=\"elementor-widget-container\">\n\t\t\t\t\t<h2 class=\"elementor-heading-title elementor-size-default\">Egresados<\/h2>\t\t\t\t<\/div>\n\t\t\t\t<\/div>\n\t\t\t\t\t<\/div>\n\t\t\t\t<\/div>\n\t\t<div class=\"elementor-element elementor-element-870ebd2 e-flex e-con-boxed e-con e-parent\" data-id=\"870ebd2\" data-element_type=\"container\" data-e-type=\"container\">\n\t\t\t\t\t<div class=\"e-con-inner\">\n\t\t\t\t<div class=\"elementor-element elementor-element-ffaf964 elementor-widget elementor-widget-text-editor\" data-id=\"ffaf964\" data-element_type=\"widget\" data-e-type=\"widget\" data-widget_type=\"text-editor.default\">\n\t\t\t\t<div class=\"elementor-widget-container\">\n\t\t\t\t\t\t\t\t\t<p style=\"text-align: center;\"><strong>\u00a1Graduado, tu voz transforma la Universidad!<\/strong><\/p><p>La Instituci\u00f3n Universitaria Comando de Educaci\u00f3n y Doctrina \u2013 Escuela de Comunicaciones te invita postularte como Representante de los Egresados 2026.<\/p><p>S\u00e9 parte activa de los \u00f3rganos de decisi\u00f3n y aportar tu experiencia laboral al fortalecimiento de los procesos acad\u00e9micos.<\/p>\t\t\t\t\t\t\t\t<\/div>\n\t\t\t\t<\/div>\n\t\t\t\t\t<\/div>\n\t\t\t\t<\/div>\n\t\t<div class=\"elementor-element elementor-element-b68e3e2 e-flex e-con-boxed e-con e-parent\" data-id=\"b68e3e2\" data-element_type=\"container\" data-e-type=\"container\">\n\t\t\t\t\t<div class=\"e-con-inner\">\n\t\t<div class=\"elementor-element elementor-element-4c0fd52 e-con-full e-flex e-con e-child\" data-id=\"4c0fd52\" data-element_type=\"container\" data-e-type=\"container\">\n\t\t\t\t<div class=\"elementor-element elementor-element-c9cfe85 elementor-widget elementor-widget-text-editor\" data-id=\"c9cfe85\" data-element_type=\"widget\" data-e-type=\"widget\" data-widget_type=\"text-editor.default\">\n\t\t\t\t<div class=\"elementor-widget-container\">\n\t\t\t\t\t\t\t\t\t<p><strong>\u00bfD\u00f3nde puedes participar?<\/strong><\/p><p>Buscamos l\u00edderes comprometidos para las siguientes instancias:<\/p><p><strong>* Consejo Acad\u00e9mico:<\/strong> S\u00e9 la voz de los egresados en la m\u00e1xima autoridad acad\u00e9mica de la instituci\u00f3n. Participa en decisiones sobre pol\u00edticas educativas, calendarios y reglamentos.<\/p><p><strong>Fechas Importantes<\/strong><\/p><p>\u2022 Inicio de inscripciones: 04 de febrero de 2026<\/p><p>\u2022 Cierre de inscripciones: 16 de febrero de 2026<\/p><p>\u2022 Verificaci\u00f3n de requisitos: 17 al 18 de febrero de 2026<\/p><p>\u2022 Publicaci\u00f3n de Candidatos: 19 de febrero de 2026<\/p>\t\t\t\t\t\t\t\t<\/div>\n\t\t\t\t<\/div>\n\t\t\t\t<\/div>\n\t\t<div class=\"elementor-element elementor-element-babc07b e-con-full e-flex e-con e-child\" data-id=\"babc07b\" data-element_type=\"container\" data-e-type=\"container\">\n\t\t\t\t<div class=\"elementor-element elementor-element-513e7a1 elementor-widget elementor-widget-image\" data-id=\"513e7a1\" data-element_type=\"widget\" data-e-type=\"widget\" data-widget_type=\"image.default\">\n\t\t\t\t<div class=\"elementor-widget-container\">\n\t\t\t\t\t\t\t\t\t\t\t\t\t\t\t\t<a href=\"https:\/\/www.escom.edu.co\/wp-content\/uploads\/2026\/02\/Representante-Egresados-2026.jpeg\" data-elementor-open-lightbox=\"yes\" data-elementor-lightbox-title=\"Representante Egresados 2026\" data-e-action-hash=\"#elementor-action%3Aaction%3Dlightbox%26settings%3DeyJpZCI6NTc0NywidXJsIjoiaHR0cHM6XC9cL3d3dy5lc2NvbS5lZHUuY29cL3dwLWNvbnRlbnRcL3VwbG9hZHNcLzIwMjZcLzAyXC9SZXByZXNlbnRhbnRlLUVncmVzYWRvcy0yMDI2LmpwZWcifQ%3D%3D\">\n\t\t\t\t\t\t\t<img fetchpriority=\"high\" decoding=\"async\" width=\"768\" height=\"768\" src=\"https:\/\/www.escom.edu.co\/wp-content\/uploads\/2026\/02\/Representante-Egresados-2026-768x768.jpeg\" class=\"attachment-medium_large size-medium_large wp-image-5747\" alt=\"\" srcset=\"https:\/\/www.escom.edu.co\/wp-content\/uploads\/2026\/02\/Representante-Egresados-2026-768x768.jpeg 768w, https:\/\/www.escom.edu.co\/wp-content\/uploads\/2026\/02\/Representante-Egresados-2026-300x300.jpeg 300w, https:\/\/www.escom.edu.co\/wp-content\/uploads\/2026\/02\/Representante-Egresados-2026-1024x1024.jpeg 1024w, https:\/\/www.escom.edu.co\/wp-content\/uploads\/2026\/02\/Representante-Egresados-2026-150x150.jpeg 150w, https:\/\/www.escom.edu.co\/wp-content\/uploads\/2026\/02\/Representante-Egresados-2026-1536x1536.jpeg 1536w, https:\/\/www.escom.edu.co\/wp-content\/uploads\/2026\/02\/Representante-Egresados-2026.jpeg 1600w\" sizes=\"(max-width: 768px) 100vw, 768px\" \/>\t\t\t\t\t\t\t\t<\/a>\n\t\t\t\t\t\t\t\t\t\t\t\t\t\t\t<\/div>\n\t\t\t\t<\/div>\n\t\t\t\t<\/div>\n\t\t\t\t\t<\/div>\n\t\t\t\t<\/div>\n\t\t<div class=\"elementor-element elementor-element-a32d4b6 e-flex e-con-boxed e-con e-parent\" data-id=\"a32d4b6\" data-element_type=\"container\" data-e-type=\"container\">\n\t\t\t\t\t<div class=\"e-con-inner\">\n\t\t\t\t<div class=\"elementor-element elementor-element-e599444 elementor-widget elementor-widget-text-editor\" data-id=\"e599444\" data-element_type=\"widget\" data-e-type=\"widget\" data-widget_type=\"text-editor.default\">\n\t\t\t\t<div class=\"elementor-widget-container\">\n\t\t\t\t\t\t\t\t\t<p><strong>Requisitos de Postulaci\u00f3n<\/strong><\/p><p>Para ser el portavoz de nuestra comunidad de graduados, necesitas:<\/p><p>1. Poseer t\u00edtulo profesional otorgado por la instituci\u00f3n.<\/p><p>2. No pertenecer en el momento de la inscripci\u00f3n a otro \u00f3rgano de direcci\u00f3n o gobierno de esta Instituci\u00f3n.<\/p><p><strong>Pasos para la Inscripci\u00f3n<\/strong><\/p><p>1. Formulario: Diligencia el formato de inscripci\u00f3n en el link: <a href=\"https:\/\/forms.gle\/kRGAs7mNoppPWx3q6\" target=\"_blank\" rel=\"noopener\">https:\/\/forms.gle\/kRGAs7mNoppPWx3q6<\/a> o c\u00f3digo QR que aparece la pieza gr\u00e1fica.<\/p><p>2. Documentaci\u00f3n: Adjunta resumen de tu hoja de vida actualizada.<\/p><p>3. Adjunta tu propuesta: Un p\u00e1rrafo breve con tus ideas principales.<\/p><p>4. Adjunta tu foto: Para el tarjet\u00f3n electoral.<\/p><p>\u00a0<\/p><p style=\"text-align: center;\"><strong>Tu experiencia profesional es el mejor insumo para la transformaci\u00f3n de nuestra academia.\u00a0<\/strong><\/p><p style=\"text-align: center;\"><strong>\u00a1Vuelve a casa y lidera!<\/strong><\/p>\t\t\t\t\t\t\t\t<\/div>\n\t\t\t\t<\/div>\n\t\t\t\t\t<\/div>\n\t\t\t\t<\/div>\n\t\t<div class=\"elementor-element elementor-element-3b97ef1 e-grid e-con-boxed e-con e-parent\" data-id=\"3b97ef1\" data-element_type=\"container\" data-e-type=\"container\">\n\t\t\t\t\t<div class=\"e-con-inner\">\n\t\t\t\t<div class=\"elementor-element elementor-element-8ee2825 elementor-widget elementor-widget-heading\" data-id=\"8ee2825\" data-element_type=\"widget\" data-e-type=\"widget\" data-widget_type=\"heading.default\">\n\t\t\t\t<div class=\"elementor-widget-container\">\n\t\t\t\t\t<h2 class=\"elementor-heading-title elementor-size-default\">Graduados Pregrados<\/h2>\t\t\t\t<\/div>\n\t\t\t\t<\/div>\n\t\t\t\t<div class=\"elementor-element elementor-element-2fe53d3 elementor-widget elementor-widget-image\" data-id=\"2fe53d3\" data-element_type=\"widget\" data-e-type=\"widget\" data-widget_type=\"image.default\">\n\t\t\t\t<div class=\"elementor-widget-container\">\n\t\t\t\t\t\t\t\t\t\t\t\t\t\t\t<img decoding=\"async\" width=\"2132\" height=\"1192\" src=\"https:\/\/www.escom.edu.co\/wp-content\/uploads\/2024\/08\/Graduados-Pregrados.png\" class=\"attachment-full size-full wp-image-1181\" alt=\"\" srcset=\"https:\/\/www.escom.edu.co\/wp-content\/uploads\/2024\/08\/Graduados-Pregrados.png 2132w, https:\/\/www.escom.edu.co\/wp-content\/uploads\/2024\/08\/Graduados-Pregrados-300x168.png 300w, https:\/\/www.escom.edu.co\/wp-content\/uploads\/2024\/08\/Graduados-Pregrados-1024x573.png 1024w, https:\/\/www.escom.edu.co\/wp-content\/uploads\/2024\/08\/Graduados-Pregrados-768x429.png 768w, https:\/\/www.escom.edu.co\/wp-content\/uploads\/2024\/08\/Graduados-Pregrados-1536x859.png 1536w, https:\/\/www.escom.edu.co\/wp-content\/uploads\/2024\/08\/Graduados-Pregrados-2048x1145.png 2048w\" sizes=\"(max-width: 2132px) 100vw, 2132px\" \/>\t\t\t\t\t\t\t\t\t\t\t\t\t\t\t<\/div>\n\t\t\t\t<\/div>\n\t\t\t\t\t<\/div>\n\t\t\t\t<\/div>\n\t\t<div class=\"elementor-element elementor-element-c79ef1a e-grid e-con-boxed e-con e-parent\" data-id=\"c79ef1a\" data-element_type=\"container\" data-e-type=\"container\">\n\t\t\t\t\t<div class=\"e-con-inner\">\n\t\t\t\t<div class=\"elementor-element elementor-element-ccd513a elementor-widget elementor-widget-heading\" data-id=\"ccd513a\" data-element_type=\"widget\" data-e-type=\"widget\" data-widget_type=\"heading.default\">\n\t\t\t\t<div class=\"elementor-widget-container\">\n\t\t\t\t\t<h2 class=\"elementor-heading-title elementor-size-default\">Graduados Posgrados<\/h2>\t\t\t\t<\/div>\n\t\t\t\t<\/div>\n\t\t\t\t<div class=\"elementor-element elementor-element-e1284bd elementor-widget elementor-widget-image\" data-id=\"e1284bd\" data-element_type=\"widget\" data-e-type=\"widget\" data-widget_type=\"image.default\">\n\t\t\t\t<div class=\"elementor-widget-container\">\n\t\t\t\t\t\t\t\t\t\t\t\t\t\t\t<img decoding=\"async\" width=\"2156\" height=\"1170\" src=\"https:\/\/www.escom.edu.co\/wp-content\/uploads\/2024\/08\/Graduados-Posgrados.png\" class=\"attachment-full size-full wp-image-1182\" alt=\"\" srcset=\"https:\/\/www.escom.edu.co\/wp-content\/uploads\/2024\/08\/Graduados-Posgrados.png 2156w, https:\/\/www.escom.edu.co\/wp-content\/uploads\/2024\/08\/Graduados-Posgrados-300x163.png 300w, https:\/\/www.escom.edu.co\/wp-content\/uploads\/2024\/08\/Graduados-Posgrados-1024x556.png 1024w, https:\/\/www.escom.edu.co\/wp-content\/uploads\/2024\/08\/Graduados-Posgrados-768x417.png 768w, https:\/\/www.escom.edu.co\/wp-content\/uploads\/2024\/08\/Graduados-Posgrados-1536x834.png 1536w, https:\/\/www.escom.edu.co\/wp-content\/uploads\/2024\/08\/Graduados-Posgrados-2048x1111.png 2048w\" sizes=\"(max-width: 2156px) 100vw, 2156px\" \/>\t\t\t\t\t\t\t\t\t\t\t\t\t\t\t<\/div>\n\t\t\t\t<\/div>\n\t\t\t\t\t<\/div>\n\t\t\t\t<\/div>\n\t\t<div class=\"elementor-element elementor-element-af5bbe3 e-grid e-con-boxed e-con e-parent\" data-id=\"af5bbe3\" data-element_type=\"container\" data-e-type=\"container\">\n\t\t\t\t\t<div class=\"e-con-inner\">\n\t\t\t\t<div class=\"elementor-element elementor-element-fc88740 elementor-widget elementor-widget-site-logo\" data-id=\"fc88740\" data-element_type=\"widget\" data-e-type=\"widget\" data-settings=\"{&quot;align&quot;:&quot;center&quot;,&quot;width&quot;:{&quot;unit&quot;:&quot;%&quot;,&quot;size&quot;:&quot;&quot;,&quot;sizes&quot;:[]},&quot;width_tablet&quot;:{&quot;unit&quot;:&quot;%&quot;,&quot;size&quot;:&quot;&quot;,&quot;sizes&quot;:[]},&quot;width_mobile&quot;:{&quot;unit&quot;:&quot;%&quot;,&quot;size&quot;:&quot;&quot;,&quot;sizes&quot;:[]},&quot;space&quot;:{&quot;unit&quot;:&quot;%&quot;,&quot;size&quot;:&quot;&quot;,&quot;sizes&quot;:[]},&quot;space_tablet&quot;:{&quot;unit&quot;:&quot;%&quot;,&quot;size&quot;:&quot;&quot;,&quot;sizes&quot;:[]},&quot;space_mobile&quot;:{&quot;unit&quot;:&quot;%&quot;,&quot;size&quot;:&quot;&quot;,&quot;sizes&quot;:[]},&quot;image_border_radius&quot;:{&quot;unit&quot;:&quot;px&quot;,&quot;top&quot;:&quot;&quot;,&quot;right&quot;:&quot;&quot;,&quot;bottom&quot;:&quot;&quot;,&quot;left&quot;:&quot;&quot;,&quot;isLinked&quot;:true},&quot;image_border_radius_tablet&quot;:{&quot;unit&quot;:&quot;px&quot;,&quot;top&quot;:&quot;&quot;,&quot;right&quot;:&quot;&quot;,&quot;bottom&quot;:&quot;&quot;,&quot;left&quot;:&quot;&quot;,&quot;isLinked&quot;:true},&quot;image_border_radius_mobile&quot;:{&quot;unit&quot;:&quot;px&quot;,&quot;top&quot;:&quot;&quot;,&quot;right&quot;:&quot;&quot;,&quot;bottom&quot;:&quot;&quot;,&quot;left&quot;:&quot;&quot;,&quot;isLinked&quot;:true},&quot;caption_padding&quot;:{&quot;unit&quot;:&quot;px&quot;,&quot;top&quot;:&quot;&quot;,&quot;right&quot;:&quot;&quot;,&quot;bottom&quot;:&quot;&quot;,&quot;left&quot;:&quot;&quot;,&quot;isLinked&quot;:true},&quot;caption_padding_tablet&quot;:{&quot;unit&quot;:&quot;px&quot;,&quot;top&quot;:&quot;&quot;,&quot;right&quot;:&quot;&quot;,&quot;bottom&quot;:&quot;&quot;,&quot;left&quot;:&quot;&quot;,&quot;isLinked&quot;:true},&quot;caption_padding_mobile&quot;:{&quot;unit&quot;:&quot;px&quot;,&quot;top&quot;:&quot;&quot;,&quot;right&quot;:&quot;&quot;,&quot;bottom&quot;:&quot;&quot;,&quot;left&quot;:&quot;&quot;,&quot;isLinked&quot;:true},&quot;caption_space&quot;:{&quot;unit&quot;:&quot;px&quot;,&quot;size&quot;:0,&quot;sizes&quot;:[]},&quot;caption_space_tablet&quot;:{&quot;unit&quot;:&quot;px&quot;,&quot;size&quot;:&quot;&quot;,&quot;sizes&quot;:[]},&quot;caption_space_mobile&quot;:{&quot;unit&quot;:&quot;px&quot;,&quot;size&quot;:&quot;&quot;,&quot;sizes&quot;:[]}}\" data-widget_type=\"site-logo.default\">\n\t\t\t\t<div class=\"elementor-widget-container\">\n\t\t\t\t\t\t\t<div class=\"hfe-site-logo\">\n\t\t\t\t\t\t\t\t\t\t\t\t\t<a data-elementor-open-lightbox=\"\"  class='elementor-clickable' href=\"https:\/\/www.escom.edu.co\">\n\t\t\t\t\t\t\t<div class=\"hfe-site-logo-set\">           \n\t\t\t\t<div class=\"hfe-site-logo-container\">\n\t\t\t\t\t\t\t\t\t<img loading=\"lazy\" decoding=\"async\" src=\"https:\/\/www.escom.edu.co\/wp-content\/uploads\/2024\/07\/logos-1-300x300.png\" alt=\"default-logo\" class=\"hfe-site-logo-img elementor-animation-\" width=\"300\" height=\"300\" \/>\n\t\t\t\t<\/div>\n\t\t\t<\/div>\n\t\t\t\t\t\t\t<\/a>\n\t\t\t\t\t\t<\/div>  \n\t\t\t\t\t\t\t<\/div>\n\t\t\t\t<\/div>\n\t\t\t\t<div class=\"elementor-element elementor-element-12fe188 elementor-widget__width-auto elementor-widget elementor-widget-text-editor\" data-id=\"12fe188\" data-element_type=\"widget\" data-e-type=\"widget\" data-widget_type=\"text-editor.default\">\n\t\t\t\t<div class=\"elementor-widget-container\">\n\t\t\t\t\t\t\t\t\t<p style=\"text-align: left;\">Calle 5 No. 15 \u2013 00<span style=\"color: var( --e-global-color-text ); letter-spacing: 0px; background-color: var( --e-global-color-c696dce );\">, Barrio Dos Caminos<\/span><\/p><p style=\"text-align: left;\">Cant\u00f3n Militar de Comunicaciones<\/p><p style=\"text-align: left;\">C\u00f3digo postal: 253051<\/p><p>Email: <a href=\"mailto:admisiones.escom@cedoc.edu.co\">admisiones.escom@cedoc.edu.co<\/a><\/p><p>Contacto: 3133003799<\/p><p>Facatativ\u00e1 &#8211; Cundinamarca<\/p>\t\t\t\t\t\t\t\t<\/div>\n\t\t\t\t<\/div>\n\t\t\t\t\t<\/div>\n\t\t\t\t<\/div>\n\t\t\t\t<\/div>\n\t\t","protected":false},"excerpt":{"rendered":"<p>Egresados \u00a1Graduado, tu voz transforma la Universidad! La Instituci\u00f3n Universitaria Comando de Educaci\u00f3n y Doctrina \u2013 Escuela de Comunicaciones te invita postularte como Representante de los Egresados 2026. S\u00e9 parte activa de los \u00f3rganos de decisi\u00f3n y aportar tu experiencia laboral al fortalecimiento de los procesos acad\u00e9micos. \u00bfD\u00f3nde puedes participar? Buscamos l\u00edderes comprometidos para las [&hellip;]<\/p>\n","protected":false},"author":1,"featured_media":0,"parent":0,"menu_order":0,"comment_status":"closed","ping_status":"closed","template":"","meta":{"footnotes":""},"class_list":["post-143","page","type-page","status-publish","hentry"],"_links":{"self":[{"href":"https:\/\/www.escom.edu.co\/index.php?rest_route=\/wp\/v2\/pages\/143","targetHints":{"allow":["GET"]}}],"collection":[{"href":"https:\/\/www.escom.edu.co\/index.php?rest_route=\/wp\/v2\/pages"}],"about":[{"href":"https:\/\/www.escom.edu.co\/index.php?rest_route=\/wp\/v2\/types\/page"}],"author":[{"embeddable":true,"href":"https:\/\/www.escom.edu.co\/index.php?rest_route=\/wp\/v2\/users\/1"}],"replies":[{"embeddable":true,"href":"https:\/\/www.escom.edu.co\/index.php?rest_route=%2Fwp%2Fv2%2Fcomments&post=143"}],"version-history":[{"count":29,"href":"https:\/\/www.escom.edu.co\/index.php?rest_route=\/wp\/v2\/pages\/143\/revisions"}],"predecessor-version":[{"id":5777,"href":"https:\/\/www.escom.edu.co\/index.php?rest_route=\/wp\/v2\/pages\/143\/revisions\/5777"}],"wp:attachment":[{"href":"https:\/\/www.escom.edu.co\/index.php?rest_route=%2Fwp%2Fv2%2Fmedia&parent=143"}],"curies":[{"name":"wp","href":"https:\/\/api.w.org\/{rel}","templated":true}]}}